t of o?
1
Suppose 4*a - 18685 = 3*c, 17*c + 9350 = 2*a + 13*c. What is the units digit of a?
9
Suppose -3*o = -j - 12, -6*o + 2*o - 4*j = 0. Let c(a) = 6*a**3 - 3*a**2 + 6*a - 6. What is the hundreds digit of c(o)?
1
Let v(z) = -3*z**2 - z - 4*z - 5*z - 5*z + 3. Let h be v(-5). Suppose 3*l + h*c - 393 = 0, 3*c = l - 0*c - 131. What is the hundreds digit of l?
1
Let g(d) = -5*d**3 + 2*d**2 + 30*d + 127. What is the tens digit of g(-9)?
6
Let r = 42891 + -23454. What is the thousands digit of r?
9
Let s(c) = c**3 - 39*c**2 + 163*c + 77. What is the thousands digit of s(50)?
5
Suppose -3*a + 5*o = 4*o + 986, -3*a - 4*o - 976 = 0. Let p = a - -369. What is the units digit of p?
1
Suppose 4*b - 5*u - 437 = 3*b, 2*u = -b + 472. Let q = 757 - b. What is the units digit of q?
5
Let k(g) = -g**3 - 11*g**2 - 19*g + 49. Let b be k(-20). Suppose -6*s + b = -4269. What is the units digit of s?
3
Let b(p) be the third derivative of -p**6/120 + 8*p**5/15 - 13*p**4/24 - 41*p**3/3 - 82*p**2. What is the hundreds digit of b(31)?
4
Let i be 1*1*-7*(2 + -3). Suppose 1025 = i*s - 53. What is the units digit of s?
4
Suppose -2*x + 4*t = 56, 2*x - 14*t = -19*t - 101. What is the units digit of (x/(-12) + 2/(-3))*518?
5
Suppose -d - 2*k + 7627 = -149, -4*d + 4*k + 31128 = 0. What is the units digit of d?
0
Let r(o) = -5*o**2 + 88*o - 129. Let g be r(35). Let z = 4444 + g. What is the units digit of z?
0
Suppose t = 5*t + 2*p - 14, 0 = -5*t - 3*p + 17. Let v(r) = -66*r + 122*r + 11 - 46*r. What is the tens digit of v(t)?
5
Let n(z) = 7*z - 98. Let t be n(14). Suppose -13*s - 2813 + 12303 = t. What is the tens digit of s?
3
Let j = -63 + 193. Suppose -22 - j = -4*u. Suppose s - 2*x - u = 0, 4*s + 2*x = -3*x + 87. What is the tens digit of s?
2
Suppose 5*b = 3*b + 3*h - 17, -3*b - 3 = 3*h. Let y be b/(80/25)*4. What is the tens digit of ((-568)/(-10))/((-2)/y)?
4
Let o be ((-12)/9)/(6/(-9)). Suppose 534 = 2*v + 3*z, -o*z = -4*z + 8. Let g = v + -176. What is the tens digit of g?
8
Let h(i) = i**3 - 2*i + 20. Let k be h(0). Suppose -k*w + 1104 = -17*w. What is the hundreds digit of w?
3
Let m(w) = 9*w**2 - 22*w. Let j be 7 - (5 - -7)/6. What is the tens digit of m(j)?
1
Let y be 10/(-15)*6 + 8246/7. Let d = 2531 - y. What is the tens digit of d?
5
What is the ten thousands digit of (4 - 1)*(5111 - 6)?
1
Let m(w) = -w**3 + 19*w**2 + 19*w + 60. Suppose 13 = 3*y + 7. Suppose y*o - o - 8 = -4*l, 0 = -5*o - 2*l + 94. What is the tens digit of m(o)?
4
Let b = 35472 - 21791. What is the tens digit of b?
8
Let l = 7 - 7. Let n(v) = 2*v**3 - 2*v**2 - 9*v - 4. Let o be n(3). Suppose l = -c + o*t + 88, 12 = 4*c - 3*t - 340. What is the tens digit of c?
8
Let y(j) = 25457*j + 827. What is the ten thousands digit of y(1)?
2
Suppose -2*a - 4*n + 2322 = 0, -3694 = -3*a - 2*n - 215. What is the units digit of a?
9
Suppose 4*w = 4*u + 15752, 0 = 5*w + 40*u - 39*u - 19648. What is the thousands digit of w?
3
Suppose -n + 7928 = -2*q, -12*q + 17*q = -10*n + 79305. What is the thousands digit of n?
7
Let j be 3*-2*(52/(-12) - -2). Suppose 8 - j = -3*q. What is the units digit of (108/(-15) - q)/((-4)/20)?
6
Suppose -9*k - 140140 = 17*k - 33*k. What is the thousands digit of k?
0
Suppose -32*r - 22*r - 52*r + 2047708 = 0. What is the hundreds digit of r?
3
Let q = 4173 - -1774. What is the thousands digit of q?
5
Let y = 30382 - -12907. What is the hundreds digit of y?
2
Let v = -7721 - -12214. What is the thousands digit of v?
4
Let f(j) = -j**2 - 589*j + 6. What is the units digit of f(-38)?
4
Let z = 16799 + 2675. What is the ten thousands digit of z?
1
Let d(v) = 150*v**2 + 121*v + 78. What is the units digit of d(17)?
5
Let h = 71 - 67. Let j be ((h/7)/(-1))/(28/(-98)). Suppose j*t + 163 = a, -2*a - t = t - 308. What is the units digit of a?
7
Suppose 9*k - 138 - 1473 + 234 = 0. What is the tens digit of k?
5
Let k be 64/80*(1 - 13/(-2)). What is the tens digit of 7 + (-4 - -1) - (k + -372)?
7
Let m(u) = 3943*u + 540. What is the tens digit of m(10)?
7
Let q = -149 + 159. Suppose 0 = -q*a + 21*a + 121. What is the units digit of a/(-3 + (-22)/(-8))?
4
Let w = -1469 - -2120. Let l = w + -103. What is the units digit of l?
8
Let s(t) = -10*t**2 - 27*t + 7. Let l be s(-3). Let y(p) = 151*p**2 - 8*p - 3. What is the tens digit of y(l)?
1
What is the thousands digit of ((-935)/20 - -23)*724/(-1)?
7
Let s(q) = -176*q - 145. Suppose 0 = -25*d + 21*d - 24. What is the units digit of s(d)?
1
Let f be -2*(-7 - -3)/2. Let h be 848/(-72) + f/(-18). What is the hundreds digit of ((-3120)/45)/(2/h*2)?
2
Suppose 7 = 4*b - 9, 3*r + 14 = 2*b. Let g be 5*r*(-168)/140. What is the tens digit of 8/(-2) + (68 - g/4)?
6
Let p = -53212 - -89410. What is the units digit of p?
8
Let t = 469 - 450. Let s(h) = 40*h + 191. What is the tens digit of s(t)?
5
Let f(x) = -x + 2. Let v be f(3). What is the units digit of ((-7)/(-3))/(v/(-105))?
5
Let j(w) = 370*w + 1495. What is the units digit of j(47)?
5
Let q(c) = -c**3 - 22*c**2 - 49*c - 115. What is the ten thousands digit of q(-31)?
1
Let r(s) = 19*s + 33. Let k be r(13). Suppose k*p = 276*p + 1680. What is the tens digit of p?
2
Suppose 15*c - 26845 - 118730 = 0. Suppose 77*y = 92*y - c. What is the hundreds digit of y?
6
Let n be (3 - 14)*((-4 - 0) + 1). Let b = n + -37. What is the hundreds digit of (8/(-4))/(b - (-2070)/519)?
1
Let b be 3*(-2)/(-3) - 5. Let u(h) = -10*h**3 + 3*h**2 + h - 1. What is the hundreds digit of u(b)?
2
Let m be (1*6/(-18))/(1/(-12)). Let b(o) = -10*o**2 - 3*o**3 + 26*o**2 - 10*o**2 + m*o**3 + 2*o. What is the tens digit of b(-5)?
1
Let d(c) = 3*c - 137. Let p be d(35). Let t = p + 244. What is the units digit of t?
2
Let v = -167 + 161. What is the hundreds digit of (v/(-10))/(8/2200)?
1
Let v be -20578*(-8)/(-48)*-3. Suppose -20*r = -15431 - v. What is the hundreds digit of r?
2
Let a(h) = -70*h + 5. Let r be a(-1). Suppose 0 = -5*y - 0*y. Suppose r = -y*s + s. What is the tens digit of s?
7
Let m(i) = 41*i + 5*i**2 - 2*i**2 - 43*i + 0 + 106*i**3 + 8. What is the units digit of m(2)?
4
Let p(j) = 22*j**2 - 178*j - 2. What is the units digit of p(14)?
8
Suppose -5*d + 56*d - 4131 = 0. Suppose -d*p = -74*p - 3577. What is the units digit of p?
1
Let c be 3 - 2 - -2 - 0. Let a = 8787 - 8782. Suppose 646 = a*l - c*n, -4*l + 438 = 5*n - 101. What is the units digit of l?
1
Let m be (3 + -4)/(548/549 + -1). Let y = m - 297. What is the units digit of y?
2
What is the hundreds digit of (-54889200)/(-2664) + 2/(-37)?
6
Let c(d) = 5*d + 27. What is the hundreds digit of c(15)?
1
Suppose -144*h + 158*h - 332990 = 0. What is the tens digit of h?
8
Let d = -148 - -149. What is the tens digit of 15/((-330)/847)*(-29 + d)?
7
Suppose 12*a - 42*a + 173880 = 0. What is the tens digit of a?
9
Suppose 49124 = 3*s - f - 147473, 5*f + 196613 = 3*s. What is the units digit of s?
1
What is the thousands digit of -4 + 3 - (-7*221 + (0 - 1))?
1
Suppose -5*u + 33235 = -22*r + 24*r, 0 = 5*u + 11*r - 33280. What is the thousands digit of u?
6
Let y(v) be the second derivative of 1/20*v**5 - v**2 + 3/4*v**4 - v + 0 + 1/6*v**3. What is the hundreds digit of y(-6)?
1
What is the thousands digit of 1137/12*(53 + -9)?
4
Let o(k) = 15*k**2 - k + 2. Suppose 8*c = 10*c - 2. Let u be o(c). Suppose 499 - u = 3*n. What is the units digit of n?
1
Suppose -10*m - 23 + 113 = 0. Suppose 0 = p + m*p - 2910. Suppose 9*v - 294 = p. What is the tens digit of v?
6
Suppose 4*m + 64 = -3*l - 14, -2*m + 4*l = 50. Let n be (-27)/m - 4/14. What is the tens digit of n/8*-2 + (-9955)/(-44)?
2
Suppose 4*u = 5*q + 6269 + 22140, 28421 = 4*u - q. Suppose u = 31*s - 20*s. What is the units digit of s?
6
Suppose -9*u + 10*u - 3 = 0. Suppose -u*l + 2*l + 3630 = 4*v, -5*l + 917 = v. What is the units digit of v?
7
Let y = -5577 - -31210. What is the units digit of y?
3
Let m be 104*((-1)/(-4))/(2/28). Suppose 9*o = m - 94. What is the hundreds digit of (54/15 + 2)*o?
1
Suppose 10*u = -3*u - 3601. Let n = u - -431. What is the tens digit of n?
5
Suppose -12*l = 5*l - l - 278896. What is the hundreds digit of l?
4
Let j = -6254 - -31414. What is the hundreds digit of j?
1
Let w(b) be the third derivative of b**6/120 - b**5/20 - b**4/6 + 11*b**3/6 - 44*b**2. What is the tens digit of w(6)?
9
